 - -1. Suppose 2*x + 3*i - d = 0, -2*x - 2*i = -4*x + 52. List the prime factors of x.
2, 13
Let x(n) = -n**3 - 3*n**2 + 4*n + 2. Let h be (-10)/2*20/25. List the prime factors of x(h).
2
Let n = -7 + 11. Suppose -42 = -3*y - 4*g, -n*y - 5*g + 0*g + 57 = 0. What are the prime factors of y?
2, 3
Let j(b) = -b**2 + 12*b - 2. Let d be j(8). Suppose -r + 6*r - d = 0. Suppose -x = 2*x - r. What are the prime factors of x?
2
Suppose 3*u - 4*u + 5 = 0. Suppose u*j - 2*h - 15 = 0, 5*j - 60 = -4*h - 15. Suppose j*r - 18 - 17 = 0. What are the prime factors of r?
7
Let j = -18 + 125. List the prime factors of j.
107
Let f(i) = i**3 - 21*i**2 + 27*i - 6. What are the prime factors of f(20)?
2, 67
Let v(w) = -w**3 + w**2 - 5*w + 3. Let o(x) = -x**3 + x**2 - 5*x + 3. Let z(u) = -2*o(u) + 3*v(u). Let h be z(3). Let g = -18 - h. List the prime factors of g.
2, 3
Let k be 38/6 - 2/6. Let z = -2 + k. Suppose v - 18 + 3 = z*x, -v - 12 = 5*x. What are the prime factors of v?
3
Suppose -5*d + 263 = 7*o - 4*o, 0 = o - d - 85. What are the prime factors of o?
2, 43
Let o(d) = d - 3. Let s be o(4). Let n = 1 - s. Suppose 24 = 4*a - 4*g, n = a - 3*a - 4*g - 6. List the prime factors of a.
3
Let a(n) = n + 1. Let s(q) = -4. Let t(o) = a(o) + s(o). Let x be t(6). Suppose 2*w + 10 = x*w. List the prime factors of w.
2, 5
Suppose 8*k - 3*w - 306 = 3*k, 4*k - 3*w - 243 = 0. What are the prime factors of k?
3, 7
Suppose -h - 5*w - 75 = 0, 0 = 4*h + 4*w + 54 + 198. Let u = h - -91. List the prime factors of u.
31
Suppose -4*o - 2*d = -64, 4*o - 101 = 4*d - 37. List the prime factors of o.
2
Let p(d) = d**2 + 8*d - 36. What are the prime factors of p(-12)?
2, 3
Let o = -376 - -592. What are the prime factors of o?
2, 3
Suppose -253 = -3*r + 290. List the prime factors of r.
181
Suppose 0 = -7*p + 2*p. Suppose n - 4*d = 64, 2*d = -p*n + n - 60. What are the prime factors of n?
2, 7
Suppose -8 + 0 = -4*x. Suppose -4*z - 49 = -3*o, 2*o + 3*o + x*z - 73 = 0. List the prime factors of o.
3, 5
Suppose -174 = -7*n + 4*n. Suppose -22 = -2*y + n. List the prime factors of y.
2, 5
Let y(i) = -6 - 11*i**2 + 0*i**3 + 3*i + i**3 - i. Let h = 56 - 45. List the prime factors of y(h).
2
Suppose 0*i + 2*i = -8, 5*k - 43 = 2*i. Let x(q) = -q**3 + 6*q**2 + 6*q + 10. List the prime factors of x(k).
3
Let a be 112/(-12) - 4/6. Let p be (-148)/a + (-1)/(-5). Let r = p - 6. List the prime factors of r.
3
Let t(i) = 5*i - 10. Let f be t(5). Let g = f - -2. What are the prime factors of g?
17
Let l(o) = 17*o + 2. Let i be l(3). Let c = 35 - i. What are the prime factors of (c/15)/((-6)/15)?
3
Let s be (-22)/(-4) - 3/6. Suppose -3*g + j + 3 = -2*g, -j = -2*g + s. What are the prime factors of (2 - 3)/(g/(-22))?
11
Let d be (-2)/(-2*2/(-18)). Let a = -3 - d. Suppose -4*k + 16 = -4*p, k = -p + a*p + 8. List the prime factors of k.
3
Suppose 2513 = 6*o + 689. What are the prime factors of o?
2, 19
Let o = 3 + -3. Suppose o = -4*w + 3*w. Suppose 5*b - 24 = -w*b + 2*d, -3*b = 3*d - 27. What are the prime factors of b?
2, 3
Suppose -2*i - 8 = -i. Let x = -14 - i. What are the prime factors of x/15 + (-77)/(-5)?
3, 5
Let j(h) be the third derivative of h**6/120 - h**5/20 - h**4/12 + 5*h**3/6 - 5*h**2. What are the prime factors of j(4)?
13
Let g(q) = -q**2 + 12*q + 8. What are the prime factors of g(9)?
5, 7
Let u(y) = y + 10. Suppose 2*s = -16 - 0. Let d be u(s). Suppose -4*w - 3*k = -4*k - 43, d*w + 4*k = 26. List the prime factors of w.
11
Let p(c) be the first derivative of -3*c**2/2 - 6*c - 6. What are the prime factors of p(-4)?
2, 3
Suppose 4*h - 26 = 102. Let o be (h/6)/((-3)/(-9)). Suppose -g = 3*g - o. What are the prime factors of g?
2
Let h be ((-3)/(-4))/(24/64). List the prime factors of (-12 + 23)/(h + -1).
11
Let p = 4 + 0. Suppose p*l = 2*j - 54, 0 = l + 5*j - 2*j + 31. List the prime factors of (6/3)/((-2)/l).
2
Let i be (-6)/15 - 24/(-10). Suppose i*j + 1 = 5*g + 8, -27 = -4*j - 3*g. Suppose 3*o + 31 = 5*r + j*o, 23 = 3*r + 4*o. What are the prime factors of r?
5
Let z(j) = -10*j - 61. What are the prime factors of z(-13)?
3, 23
Let b be (-10)/(-6)*(3 + 0). Suppose -3*u + b = -25. List the prime factors of u.
2, 5
Suppose -5*t = 3*z - 36, -5*z + 20 = -t - 12. Suppose -d + 3 = -z. What are the prime factors of d?
2, 5
Suppose h - d = 4*h - 5, -h - d = -1. Let t(x) = -h*x + 7*x - x**2 + 8 + 0*x. What are the prime factors of t(6)?
2
Suppose 104 = 2*n + 2*n. Let u = n + -3. List the prime factors of u.
23
Let f be -1 + 1 - (-2 + 4). List the prime factors of (4/f)/((-4)/46).
23
Let j be 3/9 - 82/3. Let q = 102 + -51. Let m = j + q. List the prime factors of m.
2, 3
List the prime factors of 7*166*(-4)/(-28).
2, 83
Let a = 7 - -2. Let r be a/(-15)*-1*25. List the prime factors of (18/r)/((-1)/(-10)).
2, 3
Let i be ((-57)/2)/((-3)/(-4)). Let l = 63 + i. What are the prime factors of l?
5
Let p(h) = -h**3 + 15*h**2 - 12*h - 9. List the prime factors of p(10).
7, 53
Suppose 6*g - 3*g + 24 = 0. List the prime factors of g/(-16) + 59/2.
2, 3, 5
Suppose 2*w + 3 = 39. Suppose -5*r + w = -37. What are the prime factors of r?
11
Suppose 0*h = 2*h - 3*u - 135, -h - 5*u = -100. List the prime factors of h.
3, 5
Let l = 35 + -24. Let t = 7 + l. What are the prime factors of t?
2, 3
Suppose 79 = c - 19. What are the prime factors of c?
2, 7
Suppose u - 5 + 4 = 0. Let f(b) = 14*b - 1. What are the prime factors of f(u)?
13
Let n(m) = 4*m**2 + 3*m. Let j be 2/3*(-6)/2. List the prime factors of n(j).
2, 5
Suppose 5 = j - 0. Let u = -1 + j. Suppose 2 = -3*s + 2*s - u*k, -4*k = 5*s - 6. What are the prime factors of s?
2
Let p(h) = 83*h**3 - h**2 + 1. Let j be p(1). Let d = j - 46. List the prime factors of d.
37
Let r be 2/10 - (-14)/5. Suppose 5*c + 19 = 4*b - 4, 2*c = -r*b. Suppose -32 = -b*i - 4*a, -2*i - a + 12 = -5. List the prime factors of i.
2, 3
Let m be (2 - 1) + 8 + -4. Suppose -m = 5*d, 3*d + 100 + 119 = 4*i. List the prime factors of i.
2, 3
Suppose -2*v = -5*v + 90. List the prime factors of (-1 - 1)/((-3)/v).
2, 5
Suppose 0 = -4*m + 6*m. Suppose -2*p = -g - 50, m*g = -3*p + g + 76. List the prime factors of p.
2, 13
Let k(w) = -10*w - 1. What are the prime factors of k(-2)?
19
Suppose 5*i = 492 - 122. What are the prime factors of i?
2, 37
Let y be (-4)/10 + (-66)/(-15). Suppose m + m - 6 = 0, -5*r + 368 = -y*m. Suppose -4*v + r = 28. What are the prime factors of v?
2, 3
Let o = 37 - 55. Let k be (-6)/15 - o/(-5). Let d(h) = -h**3 - 3*h**2 + h - 2. List the prime factors of d(k).
2, 5
Suppose 3*l = 3*r + 5*l + 1, 5*r - 25 = 2*l. Suppose 0*d + d + 3 = -3*b, -3*d - 5*b = -r. List the prime factors of d.
2, 3
Let d(z) be the second derivative of z**5/20 + 5*z**4/12 - 5*z**3/6 + 5*z**2/2 - z. Let t be d(-6). What are the prime factors of 27/6 + t/2?
2
Suppose -n = 2*q - 6*q + 17, 2*n - 1 = q. Let w = -1 + 3. Suppose -3*u + w*t = -38, 2*t + 57 = q*u + 5*t. List the prime factors of u.
2, 3
Let b(k) = -k**3 + 4*k**2 - 3*k - 2. Let u be b(3). List the prime factors of (u/3)/((-2)/6).
2
Suppose -4*d - 37 - 115 = 0. Let r be 1/((-78)/d - 2). Let v = r + -11. What are the prime factors of v?
2
Suppose -2*x + 0*u + 3*u + 135 = 0, x + u - 70 = 0. List the prime factors of x.
3, 23
Suppose -144 = -2*b + 20. What are the prime factors of b?
2, 41
Let m(l) = l**2 + 3*l + 3. Let b(k) = k**2 + 4*k + 3. Let o(y) = -3*b(y) + 4*m(y). What are the prime factors of o(4)?
19
What are the prime factors of -6 - -1 - 1872/(-9)?
7, 29
Suppose -2*t + t = 0. Suppose t*r = 3*r + 15, -4*f + 2*r + 30 = 0. Suppose 2*i = f*i - 12. List the prime factors of i.
2
Let s be 5 - 2 - -1*2. Suppose 2*v - s = 5. What are the prime factors of v?
5
Suppose -13*m + 17*m - 544 = 0. What are the prime factors of m?
2, 17
Suppose 5*c + 3*i - 607 = 0, -7*c + 4*i = -6*c - 103. What are the prime factors of c?
7, 17
Let k(o) = 28*o**3 - o**2 + 2*o - 4. Let p be k(2). Suppose 0 = 4*q + 5*w - 131, -q = 4*q - 5*w - p. What are the prime factors of q?
3, 13
Suppose g + 3 - 1 = 0, 4*g = -b + 3. Let u = b + -3. List the prime factors of u.
2
Suppose -35 = -5*w - s, -5*w + 4*s - s = -15. List the prime factors of w.
2, 3
Let i = 12 - 7. Let d = -5 + i. Suppose d = w - 5*b - 34, 0 = 2*b - 0*b + 8. What are the prime factors of w?
2, 7
Let f(b) b